-218 + 125)) + 128?
25
What is the value of (-1815 - -1764) + (2 - 56)?
-105
What is -15 - ((5 - -1) + (1 - -6))?
-28
What is the value of -1025 - -949 - (67 + -4)?
-139
Calculate 4 + -82 + -167 + 232.
-13
What is the value of (-39 - -5 - -18 - (2 + 81)) + 9?
-90
Calculate 21 + (-28 - -1) - -49 - 26.
17
What is -25375 + 25407 + (-1 - -65) + 0?
96
52 - ((93 - 32) + -32) - 11
12
What is the value of 2386 - 2306 - (19 + 0)?
61
Evaluate -53 - 30 - (-18 + -9 + 4).
-60
What is the value of 36 + -13 + -41 + 75?
57
Evaluate -27 - (23 + 14 - -5).
-69
Evaluate -1 - -94 - (-15 + 6 - (28 + -39) - -4).
87
Calculate (-25 + 22 - (-2 - 0 - 0 - -71)) + 5.
-67
Calculate -8 - (-4 - ((-39 - (3 - 31)) + 94 + -1)).
78
Calculate 23 - 4 - (-140 + 174 - 84).
69
What is the value of 26 + -6 + (-22 - (-16 + -5 + 72))?
-53
Evaluate 18 - ((19 - 18) + 22).
-5
What is the value of (17 - 6) + -22 + (20 - (-5 - -16))?
-2
What is 1 + -13 + 85 + -40?
33
-78 + 51 + -86 + 77
-36
What is the value of -12 + 15 + -8 + 17 + 4 + 44?
60
What is 34 + (2 - 37) + 0?
-1
-8 + (-49 - (0 + -49)) + 105 + 0 + 0
97
Evaluate 14 - ((28 + -8 - 42) + -1).
37
Calculate -5 + -19 + 28 + (2 - 12 - -8 - 9).
-7
(-11 + 12 - 22 - -14) + 35
28
Evaluate -7 + 30 - (55 - 9).
-23
Evaluate -70 - (-54 - -93 - 89).
-20
What is the value of -6 - (16 - (-25 + 9 + 27))?
-11
Calculate 9 - (0 - 62 - (-7 + (-1 - 6) + 4)).
61
(-62 + 29 - -28) + 32 + 26
53
Evaluate -18 + 112 + -21 + 12 - 4.
81
Calculate 5 - (39 - 45) - 24.
-13
What is the value of -21 - -55 - (-1 + -9 + 12 + 3)?
29
Evaluate -10 - (27 - -5 - 26).
-16
Calculate 67 + -70 + (2 - (1 + 5)) + -1.
-8
(-1 - 0) + -4 + 1 + 18 + (-8 - 15)
-9
8 + ((17 - 71) + 0 + 1 - (-22 - -19))
-42
What is 14 - (3 - (-45 - 40))?
-74
Evaluate -166 + 253 - (-20 - -204).
-97
What is the value of 10 + 4 + (131 - (23 + 117))?
5
(19 - ((24 - 12) + -26)) + (10 - 0)
43
What is -22 - ((-201 - -204) + 6 + 0 + -6)?
-25
Calculate (47 - 62) + -5 + 67.
47
Evaluate ((23 - -6) + -5 - (0 - -13)) + 54 + 2.
67
Calculate (201 - 213) + -15 + 3.
-24
What is (-3 + 22 - (-108 + 134)) + (3 - (-1 - 2))?
-1
Evaluate 1725 + -1784 + -1 + 13.
-47
What is the value of -70 + -53 + 3 + 71?
-49
(87 - -2) + (1506 + -1525 - (1 - 0))
69
What is 65 - (-46 - (-192 - -72))?
-9
Calculate (15 - 7) + (-2 + 11 - -23 - 7).
33
What is the value of 17 + 34 - (119 + -116)?
48
What is 101 + -88 + -226 + 104?
-109
Evaluate -24 - ((-38 - -24) + -32 + 21).
1
Evaluate (-5 - 2) + -1 + -1 + (-95 + 165 - 82).
-21
What is the value of (96 - -3) + 1773 + -1801?
71
What is the value of -21 + (-594 - -589 - (-105 - (2 - 0)))?
81
Calculate 5 - 14 - ((18 + -3 - 14) + 9).
-19
Evaluate -4 + -34 + (12 - 9) + 10.
-25
What is -31 + (33 - (85 - 40))?
-43
What is the value of 6 + -1 - -1 - (-11 + -18 + (0 - -38))?
-3
What is the value of 2 + (9 - 3) + 15 + -33 + 13?
3
45 + -10 + -49 + (5 - -2)
-7
Evaluate -27 + -20 + (-21 - -40) + 16.
-12
Calculate 68 + -1 + 0 + -31 + (33 - (38 + -48)).
79
What is the value of -8 + -10 - ((-3 - -32) + 52)?
-99
Calculate (-3 + -48 - 4) + -10.
-65
What is 1 - (-49 + 62) - (1 + 70)?
-83
Evaluate -18 - (-5 + 43 + -14 - (-29 - -48)).
-23
What is -64 + 1 + (-17 - 42 - -77)?
-45
38 - (110 + -30 - 27) - (-2 + -1)
-12
What is (5 - (8 + -41)) + 78 + -40?
76
Evaluate (27 - (65 - 74)) + 0 + -1 + -8.
27
What is the value of (0 - 71) + (-106 - -127) + -9 + 1?
-58
What is -34 + (98 - 92) + 14?
-14
Calculate (-5 - (-9 - -15 - 12)) + -4 - (-7 + 18).
-14
Evaluate 213 + -256 - (-2 - -4 - 3).
-42
Evaluate -36 + (4 + -7 - -4) + (-11 - -21).
-25
Calculate -27 + (24 - -36) + -78.
-45
78 - 86 - (-8 + 1 + (-3 - -7))
-5
What is 181 + -145 - (-53 - (-8 - -4))?
85
What is 3 - (-42 + (6 - 20) - 7)?
66
What is the value of 22 + 14 + 14 + -20 + -5?
25
Evaluate (88 + 58 - 73) + -108.
-35
What is 28 - (18 - (10 + -18))?
2
Calculate (111 - -33) + (13 - (9 + 17)).
131
What is the value of (65 - -53) + -21 + -22?
75
Evaluate ((21 - 4) + -9 - 1) + -1 - (3 + 106).
-103
What is the value of 26 - (7 + 1 - ((5 - 6) + -6 + 8))?
19
(0 - (1 - -48)) + (70036 - 70056)
-69
What is -91 + (17 - 14) + (-4 - -38)?
-54
(45 + -33 + -7 - (-16 + -1)) + 1 + -7
16
What is the value of -9 + 8 + 14 - 16?
-3
Evaluate 95 + -73 + 127 - 169.
-20
Calculate (-48 - -39 - 62) + 162.
91
-29 + 7 + -11 - (-14 + -12)
-7
Calculate 1 + 77 - (-2079 + 2175).
-18
What is the value of -9 + 2 - 0 - (3499 + -3511)?
5
(5 + (-6 - (-24 + 15)) - -5) + 16
29
Evaluate 1 + 120 - (-3192 - -3258).
55
What is -50 - ((3 + -12 - -14 - 11) + -5)?
-39
What is 25 + -23 + 4 - 27 - 12?
-33
Calculate -2 + (2 - -1) + (19 - (10 - -64)) - 2.
-56
Evaluate -26 + -36 + 41 + 29.
8
Calculate -40 + -15 + 59 + -3 + 0 + 3 - 9.
-5
Calculate (2 - 10 - 26) + -3 + -8 + 14.
-31
What is the value of -20 + (-5 - -21 - -18) + -19 + 1?
-4
What is the value of 8 - 1 - (24 + -1 + (131 + -22 - 164))?
39
Evaluate 21 + -14 + -8 - (14 + -46 + -2 + -5).
38
Calculate (-1 - (0 - (-2 + 129) - -1)) + -10 + 4.
119
Evaluate 6 + -24 + (-6 - (-8 - -10 - -22)).
-48
Evaluate 32 - (-22 - -64) - (-1 + (2 - 2)).
-9
What is the value of (-20 - -33) + -10 + -30?
-27
Calculate (0 - (95 - 0)) + -14 + (-35 - -11 - -50).
-83
Evaluate -12 - (4 - -1 - (31 - (0 - -29))) - 5.
-20
1160 - 1170 - (15 - -1)
-26
117 + -103 - (-48 + 2 + -4 + 7 + -2)
59
What is the value of (1 - 2 - -5) + (-6940 - -6903)?
-33
102 + -87 + -2 + -105
-92
Evaluate 436 + -323 - (0 - -1) - (0 + 1 - -10).
101
What is the value of 62 + -63 + (-53 - -86)?
32
What is 253 - 231 - (2 - -8)?
12
Evaluate (-4 - -10) + -2 - (153 + -141).
-8
Evaluate -29 + (2 - 2) + (-9 - 1) + 6.
-33
Evaluate -7833 - -7821 - (-32 - 2).
22
0 + (-103 - -118 - (-2 - -7) - -22)
32
What is the value of -3 - (-11 + -4 + 10 + -17 - (3 - -7))?
29
Calculate (133 - 237) + 108 - (-68 + -4).
76
Evaluate -2 + 55 + -44 - 59.
-50
Evaluate -32 + (22 - 34) + (42 - 17).
-19
31 - 27 - (-2 + 20 + (2 - (-8 - -15)))
-9
Evaluate 5 - ((52 - -32) + -29).
-50
What is 33 + 0 + -3 + 504 + -485?
49
-116 - ((-72 - 64) + 92)
-72
Calculate (-159 - -12) + (-18 - -134).
-31
Evaluate 16 - (15 + -3 + 98 + -20 + -21).
-53
What is the value of 3 + (-10 - -26 - 1) + -31?
-13
49 + -34 - (1 + (6 - -72 - -4))
-68
(-6 - -12) + -11 + -232 + 229
-8
Evaluate 47 + -35 + -11 - 25 - 24.
-48
What is the value of (0 - -8) + -19 - (21 - -32) - 10?
-74
What is 19 + -61 + 225 + -222?
-39
Calculate -33 + ((24 - 20) + -13 - -136).
94
Evaluate -37 + (35 - -47) + -49.
-4
Calculate 69 - (55 + 66 + -119).
67
Calculate (-6 + -1 + 17 + -10 - 0) + 6 + 1.
7
57 - 116 - -72 - ((8 - (-3 - -2)) + 3)
1
5 - 0 - (-27 + (12 - -26))
-6
Evaluate (43 - (6 + 5)) + (36 - 25).
43
What is the value of 60 + (-26 + -13 - 12) - (2 + -3)?
10
What is -1 - -1 - (429 - 439) - 57?
-47
Calculate (-28 - 2) + -2 - (-144 + -134 + 294).
-48
What is the value of -101 + (-1 + -2 - 5) - (37 + (-34 - -4))?
-116
-4 + (13 - 36 - -16) + (0 - 0) + 48
37
Calculate 2 - (1 + 15 - -5) - (-1 + -7).
-11
Evaluate (-34 - -118) + (-55 - -13) + -38.
4
Calculate -84 + (1 - -46 - (-1914 + 2007)).
-130
What is the value of ((-4 - -25) + -18 - 5) + 70 + 0 + 0?
68
Calculate (51 - 93) + (4 - 2 - 3) - (-3 - 0).
-40
What is the value of -80 - ((1 - -10 - 5) + (-44 - -24))?
-66
Calculate (-11 - (-46 - (-24 + -2))) + 3 + -19 - 69.
-76
Calculate 7 + 0 - (-3 + (18 - 23) - -48) - 1.
-34
What is the value of -1 - -2 - 43 - ((-2 - -22) + -21)?
-41
What is 20 + (-20 - (-7 - 10)) + -23?
-6
Evaluate (2 - 0) + (26 + 9 - 15) + 10.
32
What is 1 + 2 + (-86 + 71 - 10) + 1 + 68?
47
Calculate -1 + 6 + (-117 - -104 - (0 + -23)).
15
What is the value of -58 + 26 + 33 + -57?
-56
Evaluate (3 - 94) + 126 + -187 + 36.
-116
What is the value of (47 - -38) + -29 - 62?
-6
-10 + (-6 + 15 - (-1 + 7 + (20 - 34)))
7
-35 + (-24 - -36) - (9 + -77)
45
(2 + -1 + 16 - (361 - 330)) + 52
38
What is 3 + -5 + -18 - (216 + -174)?
-62
What is the value of -55 - -28 - (-13 - (-57 - -16))?
-55
Evaluate 8 + -3 + (-7 + -1 + 20 - 8 - 53).
-44
Evaluate -18 + (4 - (20 - 2)) + -26.
-58
What is the value of 11 - (46 + (27 - (0 + 19)))?
-43
(-52 - -32) + 18 - (0 + -43 - (-8 - -5))
38
What is (-12 - 9 - 26) + 64?
17
Calculate (14 - 28) + 26 + -27 + -5 + (-1 - -2).
-19
What is the value of -5 + -13 + 6 + 5 + -34 + 41?
0
(10 - (7 + 10 + -9)) + -19 + -8
-25
What is 9 + (4 - (39 + -34